{"id":846,"date":"2016-04-08T11:00:46","date_gmt":"2016-04-08T09:00:46","guid":{"rendered":"http:\/\/joist.eu\/cms\/?page_id=846&#038;lang=bfr"},"modified":"2018-01-01T10:48:02","modified_gmt":"2018-01-01T09:48:02","slug":"impressum","status":"publish","type":"page","link":"https:\/\/joist.eu\/cms\/impressum\/?lang=bfr","title":{"rendered":"Mentions l\u00e9gales"},"content":{"rendered":"<h2 class=\"green\">Joist GmbH<\/h2>\n<p>Frauenberger Stra\u00dfe 170<br \/>\nEuskirchen 53879<\/p>\n<p>Allemagne<\/p>\n<p><strong>Direction de l&#8217;entreprise:<\/strong><br \/>\nAlexander Joist<br \/>\nChristian Joist<br \/>\nGregor Koll<\/p>\n<h2 class=\"green\">Contact<\/h2>\n<p>T\u00e9l\u00e9phone: \t+49 2251 106106<br \/>\nT\u00e9l\u00e9fax: \t+49 2251 106120<br \/>\nEmail: \tinfo@joist.be<\/p>\n<h2 class=\"green\">Inscription au registre<\/h2>\n<p>Inscription au registre de commerce.<\/p>\n<p>Tribunal charg\u00e9 de la tenue du registre: Amtsgericht Bonn<br \/>\nN\u00b0 de registre: HRB Bonn 12162<\/p>\n<h2 class=\"green\">N\u00b0 fiscal<\/h2>\n<p>DE 813 565 257<\/p>\n<h2 class=\"green\">Responsable du contenu<\/h2>\n<p>Christian Joist<br \/>\nFrauenberger Stra\u00dfe 170<br \/>\n53879 Euskirchen<br \/>\nAllemagne<\/p>\n<h2 class=\"green\">Avis de non-responsabilit\u00e9<\/h2>\n<p><strong>Responsabilit\u00e9 des contenus<\/strong><br \/>\nLes contenus de notre site ont \u00e9t\u00e9 \u00e9labor\u00e9s avec le plus grand soin. Nous d\u00e9clinons n\u00e9anmoins toute responsabilit\u00e9 quant \u00e0 l&#8217;exactitude, l&#8217;exhaustivit\u00e9 et l&#8217;actualit\u00e9 de ces contenus. En notre qualit\u00e9 de prestataire de services, nous sommes responsables des propres contenus qui constituent notre site selon les dispositions l\u00e9gales g\u00e9n\u00e9rales en vigueur. Les prestataires de services ne sont n\u00e9anmoins tenus ni au contr\u00f4le des informations \u00e9manant de tiers, transmises et enregistr\u00e9es, ni \u00e0 la d\u00e9tection de circonstances r\u00e9v\u00e9latrices d&#8217;une activit\u00e9 ill\u00e9gale. Les obligations \u00e0 la suppression ou au blocage de l&#8217;utilisation selon les dispositions l\u00e9gales g\u00e9n\u00e9rales en vigueur n&#8217;en sont pas affect\u00e9es. La responsabilit\u00e9 \u00e0 ce sujet n&#8217;est toutefois possible qu&#8217;\u00e0 compter du moment o\u00f9 la violation du droit est port\u00e9e \u00e0 notre connaissance. Ces contenus seront supprim\u00e9s sit\u00f4t que nous aurons connaissance des violations du droit correspondantes.<\/p>\n<p><strong>Responsabilit\u00e9 des liens<\/strong><br \/>\nNos offres incluent des liens vers les sites de tiers. Nous n\u2019avons aucune influence sur la conception actuelle et future des contenus, ni sur la paternit\u00e9 des pages li\u00e9es. Par cons\u00e9quent nous ne fournissons aucune garantie quant \u00e0 l\u2019exhaustivit\u00e9, l\u2019exactitude ou l\u2019actualit\u00e9 des informations publi\u00e9es dans le cadre de notre site Internet. Les contenus concern\u00e9s engagent la seule responsabilit\u00e9 de l\u2019exploitant de ces pages. Les pages li\u00e9es ont fait l&#8217;objet d&#8217;un contr\u00f4le et aucun contenu ill\u00e9gal n&#8217;a \u00e9t\u00e9 d\u00e9tect\u00e9 lors de l\u2019insertation. Une contr\u00f4le permanente des pages li\u00e9es ne peut pas \u00eatre exig\u00e9 sans indices concrets d\u2019une violation du droit. Ces liens seront supprim\u00e9s d\u00e8s que nous aurons connaissance des violations de la loi en vigueur.<\/p>\n<p><strong>Droit d\u2019auteur<\/strong><br \/>\nLes contenus et realisations \u00e9labor\u00e9s par les exploitants de ces pages sont soumis au droit d\u2019auteur . Les contributions de tiers sont caracteris\u00e9es comme telles. La reproduction, le traitement, la diffusion et l&#8217;exploitation de toute nature hors des limites du droit d\u2019auteur n\u00e9cessitent l&#8217;accord \u00e9crit de l&#8217;auteur ou de l\u2019\u00e9diteur respectif. Le t\u00e9l\u00e9chargement et la copie de ce site ne sont autoris\u00e9s que pour l\u2019usage particulier, non commercial. Si les contenus pr\u00e9sents sur ce site n\u2019ont pas \u00e9t\u00e9 \u00e9labor\u00e9s par l\u2019exploitant, le droit d\u2019auteur de tiers est respect\u00e9. Merci de nous signaler toute violation du droit d\u2019auteur que vous observez. D\u00e8s que des violations de la loi sont port\u00e9es \u00e0 notre connaissance, nous supprimerons de tels contenus.<\/p>\n<p><strong>Protection des donn\u00e9s individuelles<\/strong><br \/>\nEn r\u00e8gle g\u00e9n\u00e9rale, vous avez la possibilit\u00e9 d&#8217;utiliser notre site Web sans mentionner de donn\u00e9es personnelles (p.e. nom, adresse et adresses \u00e9lectroniques ). Dans la mesure o\u00f9 elles sont collect\u00e9es sur notre site, elles proviennent toujours dans la mesure du possible d&#8217;un enregistrement volontaire. Ces donn\u00e9es ne sont pas transmises \u00e0 des tiers sauf accord expr\u00e8s de votre part. Nous vous rappelons que la transmission de donn\u00e9es sur Internet (p. ex. lors de la communication par e-mail) peut pr\u00e9senter des lacunes au niveau de la s\u00e9curit\u00e9. Il n&#8217;est pas possible d&#8217;assurer une protection sans faille des donn\u00e9es contre l&#8217;acc\u00e8s par des tiers.<br \/>\nPar la pr\u00e9sente, nous nous opposons express\u00e9ment \u00e0 l&#8217;utilisation par des tiers concernant des coordonn\u00e9es publi\u00e9es dans le cadre de l&#8217;obligation des mentions l\u00e9gales pour envoyer des publicit\u00e9s et du mat\u00e9riel d&#8217;information sans accord ecplicite. Les exploitants du pr\u00e9sent site Web se r\u00e9servent express\u00e9ment le droit d\u2019 engager des d\u00e9marches judiciaires en cas d&#8217;envoi d&#8217;informations publicitaires non sollicit\u00e9es, par exemple pourriels (spams).<\/p>\n","protected":false},"excerpt":{"rendered":"<p>Joist GmbH Frauenberger Stra\u00dfe 170 Euskirchen 53879 Allemagne Direction de l&#8217;entreprise: Alexander Joist Christian Joist Gregor Koll Contact T\u00e9l\u00e9phone: +49 2251 106106 T\u00e9l\u00e9fax: +49 2251 106120 Email: info@joist.be Inscription au registre Inscription au registre de commerce. Tribunal charg\u00e9 de la tenue du registre: Amtsgericht Bonn N\u00b0 de registre: HRB Bonn 12162 N\u00b0 fiscal DE 813 [&hellip;]<\/p>\n","protected":false},"author":2,"featured_media":0,"parent":0,"menu_order":0,"comment_status":"closed","ping_status":"closed","template":"","meta":{"_acf_changed":false,"footnotes":""},"class_list":["post-846","page","type-page","status-publish","hentry"],"acf":[],"yoast_head":"<!-- This site is optimized with the Yoast SEO plugin v24.0 - https:\/\/yoast.com\/wordpress\/plugins\/seo\/ -->\n<title>Mentions l\u00e9gales - Joist GmbH<\/title>\n<meta name=\"robots\" content=\"index, follow, max-snippet:-1, max-image-preview:large, max-video-preview:-1\" \/>\n<link rel=\"canonical\" href=\"https:\/\/joist.eu\/cms\/impressum\/?lang=bfr\" \/>\n<meta property=\"og:locale\" content=\"de_DE\" \/>\n<meta property=\"og:type\" content=\"article\" \/>\n<meta property=\"og:title\" content=\"Mentions l\u00e9gales - Joist GmbH\" \/>\n<meta property=\"og:description\" content=\"Joist GmbH Frauenberger Stra\u00dfe 170 Euskirchen 53879 Allemagne Direction de l&#8217;entreprise: Alexander Joist Christian Joist Gregor Koll Contact T\u00e9l\u00e9phone: +49 2251 106106 T\u00e9l\u00e9fax: +49 2251 106120 Email: info@joist.be Inscription au registre Inscription au registre de commerce. Tribunal charg\u00e9 de la tenue du registre: Amtsgericht Bonn N\u00b0 de registre: HRB Bonn 12162 N\u00b0 fiscal DE 813 [&hellip;]\" \/>\n<meta property=\"og:url\" content=\"https:\/\/joist.eu\/cms\/impressum\/?lang=bfr\" \/>\n<meta property=\"og:site_name\" content=\"Joist GmbH\" \/>\n<meta property=\"article:modified_time\" content=\"2018-01-01T09:48:02+00:00\" \/>\n<meta name=\"twitter:card\" content=\"summary_large_image\" \/>\n<meta name=\"twitter:label1\" content=\"Gesch\u00e4tzte Lesezeit\" \/>\n\t<meta name=\"twitter:data1\" content=\"3\u00a0Minuten\" \/>\n<script type=\"application\/ld+json\" class=\"yoast-schema-graph\">{\"@context\":\"https:\/\/schema.org\",\"@graph\":[{\"@type\":\"WebPage\",\"@id\":\"https:\/\/joist.eu\/cms\/impressum\/?lang=bfr\",\"url\":\"https:\/\/joist.eu\/cms\/impressum\/?lang=bfr\",\"name\":\"Mentions l\u00e9gales - Joist GmbH\",\"isPartOf\":{\"@id\":\"https:\/\/joist.eu\/cms\/#website\"},\"datePublished\":\"2016-04-08T09:00:46+00:00\",\"dateModified\":\"2018-01-01T09:48:02+00:00\",\"breadcrumb\":{\"@id\":\"https:\/\/joist.eu\/cms\/impressum\/?lang=bfr#breadcrumb\"},\"inLanguage\":\"de\",\"potentialAction\":[{\"@type\":\"ReadAction\",\"target\":[\"https:\/\/joist.eu\/cms\/impressum\/?lang=bfr\"]}]},{\"@type\":\"BreadcrumbList\",\"@id\":\"https:\/\/joist.eu\/cms\/impressum\/?lang=bfr#breadcrumb\",\"itemListElement\":[{\"@type\":\"ListItem\",\"position\":1,\"name\":\"Home\",\"item\":\"https:\/\/joist.eu\/cms\/\"},{\"@type\":\"ListItem\",\"position\":2,\"name\":\"Mentions l\u00e9gales\"}]},{\"@type\":\"WebSite\",\"@id\":\"https:\/\/joist.eu\/cms\/#website\",\"url\":\"https:\/\/joist.eu\/cms\/\",\"name\":\"Joist GmbH\",\"description\":\"\",\"publisher\":{\"@id\":\"https:\/\/joist.eu\/cms\/#organization\"},\"potentialAction\":[{\"@type\":\"SearchAction\",\"target\":{\"@type\":\"EntryPoint\",\"urlTemplate\":\"https:\/\/joist.eu\/cms\/?s={search_term_string}\"},\"query-input\":{\"@type\":\"PropertyValueSpecification\",\"valueRequired\":true,\"valueName\":\"search_term_string\"}}],\"inLanguage\":\"de\"},{\"@type\":\"Organization\",\"@id\":\"https:\/\/joist.eu\/cms\/#organization\",\"name\":\"Joist GmbH\",\"url\":\"https:\/\/joist.eu\/cms\/\",\"logo\":{\"@type\":\"ImageObject\",\"inLanguage\":\"de\",\"@id\":\"https:\/\/joist.eu\/cms\/#\/schema\/logo\/image\/\",\"url\":\"https:\/\/joist.eu\/cms\/wp-content\/uploads\/2016\/03\/logo.png\",\"contentUrl\":\"https:\/\/joist.eu\/cms\/wp-content\/uploads\/2016\/03\/logo.png\",\"width\":226,\"height\":76,\"caption\":\"Joist GmbH\"},\"image\":{\"@id\":\"https:\/\/joist.eu\/cms\/#\/schema\/logo\/image\/\"}}]}<\/script>\n<!-- \/ Yoast SEO plugin. -->","yoast_head_json":{"title":"Mentions l\u00e9gales - Joist GmbH","robots":{"index":"index","follow":"follow","max-snippet":"max-snippet:-1","max-image-preview":"max-image-preview:large","max-video-preview":"max-video-preview:-1"},"canonical":"https:\/\/joist.eu\/cms\/impressum\/?lang=bfr","og_locale":"de_DE","og_type":"article","og_title":"Mentions l\u00e9gales - Joist GmbH","og_description":"Joist GmbH Frauenberger Stra\u00dfe 170 Euskirchen 53879 Allemagne Direction de l&#8217;entreprise: Alexander Joist Christian Joist Gregor Koll Contact T\u00e9l\u00e9phone: +49 2251 106106 T\u00e9l\u00e9fax: +49 2251 106120 Email: info@joist.be Inscription au registre Inscription au registre de commerce. Tribunal charg\u00e9 de la tenue du registre: Amtsgericht Bonn N\u00b0 de registre: HRB Bonn 12162 N\u00b0 fiscal DE 813 [&hellip;]","og_url":"https:\/\/joist.eu\/cms\/impressum\/?lang=bfr","og_site_name":"Joist GmbH","article_modified_time":"2018-01-01T09:48:02+00:00","twitter_card":"summary_large_image","twitter_misc":{"Gesch\u00e4tzte Lesezeit":"3\u00a0Minuten"},"schema":{"@context":"https:\/\/schema.org","@graph":[{"@type":"WebPage","@id":"https:\/\/joist.eu\/cms\/impressum\/?lang=bfr","url":"https:\/\/joist.eu\/cms\/impressum\/?lang=bfr","name":"Mentions l\u00e9gales - Joist GmbH","isPartOf":{"@id":"https:\/\/joist.eu\/cms\/#website"},"datePublished":"2016-04-08T09:00:46+00:00","dateModified":"2018-01-01T09:48:02+00:00","breadcrumb":{"@id":"https:\/\/joist.eu\/cms\/impressum\/?lang=bfr#breadcrumb"},"inLanguage":"de","potentialAction":[{"@type":"ReadAction","target":["https:\/\/joist.eu\/cms\/impressum\/?lang=bfr"]}]},{"@type":"BreadcrumbList","@id":"https:\/\/joist.eu\/cms\/impressum\/?lang=bfr#breadcrumb","itemListElement":[{"@type":"ListItem","position":1,"name":"Home","item":"https:\/\/joist.eu\/cms\/"},{"@type":"ListItem","position":2,"name":"Mentions l\u00e9gales"}]},{"@type":"WebSite","@id":"https:\/\/joist.eu\/cms\/#website","url":"https:\/\/joist.eu\/cms\/","name":"Joist GmbH","description":"","publisher":{"@id":"https:\/\/joist.eu\/cms\/#organization"},"potentialAction":[{"@type":"SearchAction","target":{"@type":"EntryPoint","urlTemplate":"https:\/\/joist.eu\/cms\/?s={search_term_string}"},"query-input":{"@type":"PropertyValueSpecification","valueRequired":true,"valueName":"search_term_string"}}],"inLanguage":"de"},{"@type":"Organization","@id":"https:\/\/joist.eu\/cms\/#organization","name":"Joist GmbH","url":"https:\/\/joist.eu\/cms\/","logo":{"@type":"ImageObject","inLanguage":"de","@id":"https:\/\/joist.eu\/cms\/#\/schema\/logo\/image\/","url":"https:\/\/joist.eu\/cms\/wp-content\/uploads\/2016\/03\/logo.png","contentUrl":"https:\/\/joist.eu\/cms\/wp-content\/uploads\/2016\/03\/logo.png","width":226,"height":76,"caption":"Joist GmbH"},"image":{"@id":"https:\/\/joist.eu\/cms\/#\/schema\/logo\/image\/"}}]}},"_links":{"self":[{"href":"https:\/\/joist.eu\/cms\/wp-json\/wp\/v2\/pages\/846","targetHints":{"allow":["GET"]}}],"collection":[{"href":"https:\/\/joist.eu\/cms\/wp-json\/wp\/v2\/pages"}],"about":[{"href":"https:\/\/joist.eu\/cms\/wp-json\/wp\/v2\/types\/page"}],"author":[{"embeddable":true,"href":"https:\/\/joist.eu\/cms\/wp-json\/wp\/v2\/users\/2"}],"replies":[{"embeddable":true,"href":"https:\/\/joist.eu\/cms\/wp-json\/wp\/v2\/comments?post=846"}],"version-history":[{"count":0,"href":"https:\/\/joist.eu\/cms\/wp-json\/wp\/v2\/pages\/846\/revisions"}],"wp:attachment":[{"href":"https:\/\/joist.eu\/cms\/wp-json\/wp\/v2\/media?parent=846"}],"curies":[{"name":"wp","href":"https:\/\/api.w.org\/{rel}","templated":true}]}}