{"id":706,"date":"2016-04-07T17:19:07","date_gmt":"2016-04-07T15:19:07","guid":{"rendered":"http:\/\/joist.eu\/cms\/?page_id=706&#038;lang=bfr"},"modified":"2016-05-17T14:27:28","modified_gmt":"2016-05-17T12:27:28","slug":"lager-versand","status":"publish","type":"page","link":"https:\/\/joist.eu\/cms\/lager-versand\/?lang=bfr","title":{"rendered":"Dep\u00f4t &#038; Exp\u00e9dition"},"content":{"rendered":"<h2 class=\"green\"><img loading=\"lazy\" decoding=\"async\" class=\"alignleft size-thumbnail wp-image-630\" src=\"http:\/\/joist.eu\/cms\/wp-content\/uploads\/2016\/04\/joist_lager_041-150x150.jpg\" alt=\"joist_lager_041\" width=\"150\" height=\"150\" \/>Livraison en deux jours ouvrables<\/h2>\n<p>Pour que vous recevez votre marchandise dans un d\u00e9lai d&#8217;un jour JOIST recourt \u00e0 un syst\u00e8me de stockage et d&#8217;exp\u00e9dition optimis\u00e9.<br \/>\nD\u00e8s que votre commande arrive, les articles command\u00e9s sont collect\u00e9s par nos employ\u00e9s dans l&#8217;entrep\u00f4t, inspect\u00e9s et pr\u00e9par\u00e9s par une ligne d&#8217;emballage int\u00e9gr\u00e9 pour l&#8217;exp\u00e9dition. Si une pi\u00e8ce est en rupture de stock &#8211; nous passons commande chez notre fournisseur le plus vite possible!<\/p>\n<h2 class=\"green\"><img loading=\"lazy\" decoding=\"async\" class=\"size-thumbnail wp-image-632 alignright\" src=\"http:\/\/joist.eu\/cms\/wp-content\/uploads\/2016\/04\/joist_lager_045-150x150.jpg\" alt=\"joist_lager_045\" width=\"150\" height=\"150\" \/><\/h2>\n<h2 class=\"green\">Les professionnels travaillent avec des professionnels<\/h2>\n<p>DHL et Schenker sont nos partenaires professionnels logistiques et se portent garant pour un transport rapide et s\u00fbr. <\/p>\n<p>&nbsp;<br \/>\n&nbsp;<br \/>\n&nbsp;<\/p>\n","protected":false},"excerpt":{"rendered":"<p>Livraison en deux jours ouvrables Pour que vous recevez votre marchandise dans un d\u00e9lai d&#8217;un jour JOIST recourt \u00e0 un syst\u00e8me de stockage et d&#8217;exp\u00e9dition optimis\u00e9. D\u00e8s que votre commande arrive, les articles command\u00e9s sont collect\u00e9s par nos employ\u00e9s dans l&#8217;entrep\u00f4t, inspect\u00e9s et pr\u00e9par\u00e9s par une ligne d&#8217;emballage int\u00e9gr\u00e9 pour l&#8217;exp\u00e9dition. Si une pi\u00e8ce est [&hellip;]<\/p>\n","protected":false},"author":2,"featured_media":0,"parent":0,"menu_order":0,"comment_status":"closed","ping_status":"closed","template":"","meta":{"_acf_changed":false,"footnotes":""},"class_list":["post-706","page","type-page","status-publish","hentry"],"acf":[],"yoast_head":"<!-- This site is optimized with the Yoast SEO plugin v24.0 - https:\/\/yoast.com\/wordpress\/plugins\/seo\/ -->\n<title>Dep\u00f4t &amp; Exp\u00e9dition - Joist GmbH<\/title>\n<meta name=\"robots\" content=\"index, follow, max-snippet:-1, max-image-preview:large, max-video-preview:-1\" \/>\n<link rel=\"canonical\" href=\"https:\/\/joist.eu\/cms\/lager-versand\/\" \/>\n<meta property=\"og:locale\" content=\"de_DE\" \/>\n<meta property=\"og:type\" content=\"article\" \/>\n<meta property=\"og:title\" content=\"Dep\u00f4t &amp; Exp\u00e9dition - Joist GmbH\" \/>\n<meta property=\"og:description\" content=\"Livraison en deux jours ouvrables Pour que vous recevez votre marchandise dans un d\u00e9lai d&#8217;un jour JOIST recourt \u00e0 un syst\u00e8me de stockage et d&#8217;exp\u00e9dition optimis\u00e9. D\u00e8s que votre commande arrive, les articles command\u00e9s sont collect\u00e9s par nos employ\u00e9s dans l&#8217;entrep\u00f4t, inspect\u00e9s et pr\u00e9par\u00e9s par une ligne d&#8217;emballage int\u00e9gr\u00e9 pour l&#8217;exp\u00e9dition. Si une pi\u00e8ce est [&hellip;]\" \/>\n<meta property=\"og:url\" content=\"https:\/\/joist.eu\/cms\/lager-versand\/\" \/>\n<meta property=\"og:site_name\" content=\"Joist GmbH\" \/>\n<meta property=\"article:modified_time\" content=\"2016-05-17T12:27:28+00:00\" \/>\n<meta property=\"og:image\" content=\"https:\/\/joist.eu\/cms\/wp-content\/uploads\/2016\/04\/joist_lager_041.jpg\" \/>\n\t<meta property=\"og:image:width\" content=\"3370\" \/>\n\t<meta property=\"og:image:height\" content=\"2246\" \/>\n\t<meta property=\"og:image:type\" content=\"image\/jpeg\" \/>\n<meta name=\"twitter:card\" content=\"summary_large_image\" \/>\n<meta name=\"twitter:label1\" content=\"Gesch\u00e4tzte Lesezeit\" \/>\n\t<meta name=\"twitter:data1\" content=\"1\u00a0Minute\" \/>\n<script type=\"application\/ld+json\" class=\"yoast-schema-graph\">{\"@context\":\"https:\/\/schema.org\",\"@graph\":[{\"@type\":\"WebPage\",\"@id\":\"https:\/\/joist.eu\/cms\/lager-versand\/\",\"url\":\"https:\/\/joist.eu\/cms\/lager-versand\/\",\"name\":\"Dep\u00f4t & Exp\u00e9dition - Joist GmbH\",\"isPartOf\":{\"@id\":\"https:\/\/joist.eu\/cms\/#website\"},\"primaryImageOfPage\":{\"@id\":\"https:\/\/joist.eu\/cms\/lager-versand\/#primaryimage\"},\"image\":{\"@id\":\"https:\/\/joist.eu\/cms\/lager-versand\/#primaryimage\"},\"thumbnailUrl\":\"http:\/\/joist.eu\/cms\/wp-content\/uploads\/2016\/04\/joist_lager_041-150x150.jpg\",\"datePublished\":\"2016-04-07T15:19:07+00:00\",\"dateModified\":\"2016-05-17T12:27:28+00:00\",\"breadcrumb\":{\"@id\":\"https:\/\/joist.eu\/cms\/lager-versand\/#breadcrumb\"},\"inLanguage\":\"de\",\"potentialAction\":[{\"@type\":\"ReadAction\",\"target\":[\"https:\/\/joist.eu\/cms\/lager-versand\/\"]}]},{\"@type\":\"ImageObject\",\"inLanguage\":\"de\",\"@id\":\"https:\/\/joist.eu\/cms\/lager-versand\/#primaryimage\",\"url\":\"http:\/\/joist.eu\/cms\/wp-content\/uploads\/2016\/04\/joist_lager_041-150x150.jpg\",\"contentUrl\":\"http:\/\/joist.eu\/cms\/wp-content\/uploads\/2016\/04\/joist_lager_041-150x150.jpg\"},{\"@type\":\"BreadcrumbList\",\"@id\":\"https:\/\/joist.eu\/cms\/lager-versand\/#breadcrumb\",\"itemListElement\":[{\"@type\":\"ListItem\",\"position\":1,\"name\":\"Home\",\"item\":\"https:\/\/joist.eu\/cms\/\"},{\"@type\":\"ListItem\",\"position\":2,\"name\":\"Dep\u00f4t &#038; Exp\u00e9dition\"}]},{\"@type\":\"WebSite\",\"@id\":\"https:\/\/joist.eu\/cms\/#website\",\"url\":\"https:\/\/joist.eu\/cms\/\",\"name\":\"Joist GmbH\",\"description\":\"\",\"publisher\":{\"@id\":\"https:\/\/joist.eu\/cms\/#organization\"},\"potentialAction\":[{\"@type\":\"SearchAction\",\"target\":{\"@type\":\"EntryPoint\",\"urlTemplate\":\"https:\/\/joist.eu\/cms\/?s={search_term_string}\"},\"query-input\":{\"@type\":\"PropertyValueSpecification\",\"valueRequired\":true,\"valueName\":\"search_term_string\"}}],\"inLanguage\":\"de\"},{\"@type\":\"Organization\",\"@id\":\"https:\/\/joist.eu\/cms\/#organization\",\"name\":\"Joist GmbH\",\"url\":\"https:\/\/joist.eu\/cms\/\",\"logo\":{\"@type\":\"ImageObject\",\"inLanguage\":\"de\",\"@id\":\"https:\/\/joist.eu\/cms\/#\/schema\/logo\/image\/\",\"url\":\"https:\/\/joist.eu\/cms\/wp-content\/uploads\/2016\/03\/logo.png\",\"contentUrl\":\"https:\/\/joist.eu\/cms\/wp-content\/uploads\/2016\/03\/logo.png\",\"width\":226,\"height\":76,\"caption\":\"Joist GmbH\"},\"image\":{\"@id\":\"https:\/\/joist.eu\/cms\/#\/schema\/logo\/image\/\"}}]}<\/script>\n<!-- \/ Yoast SEO plugin. -->","yoast_head_json":{"title":"Dep\u00f4t & Exp\u00e9dition - Joist GmbH","robots":{"index":"index","follow":"follow","max-snippet":"max-snippet:-1","max-image-preview":"max-image-preview:large","max-video-preview":"max-video-preview:-1"},"canonical":"https:\/\/joist.eu\/cms\/lager-versand\/","og_locale":"de_DE","og_type":"article","og_title":"Dep\u00f4t & Exp\u00e9dition - Joist GmbH","og_description":"Livraison en deux jours ouvrables Pour que vous recevez votre marchandise dans un d\u00e9lai d&#8217;un jour JOIST recourt \u00e0 un syst\u00e8me de stockage et d&#8217;exp\u00e9dition optimis\u00e9. D\u00e8s que votre commande arrive, les articles command\u00e9s sont collect\u00e9s par nos employ\u00e9s dans l&#8217;entrep\u00f4t, inspect\u00e9s et pr\u00e9par\u00e9s par une ligne d&#8217;emballage int\u00e9gr\u00e9 pour l&#8217;exp\u00e9dition. Si une pi\u00e8ce est [&hellip;]","og_url":"https:\/\/joist.eu\/cms\/lager-versand\/","og_site_name":"Joist GmbH","article_modified_time":"2016-05-17T12:27:28+00:00","og_image":[{"width":3370,"height":2246,"url":"https:\/\/joist.eu\/cms\/wp-content\/uploads\/2016\/04\/joist_lager_041.jpg","type":"image\/jpeg"}],"twitter_card":"summary_large_image","twitter_misc":{"Gesch\u00e4tzte Lesezeit":"1\u00a0Minute"},"schema":{"@context":"https:\/\/schema.org","@graph":[{"@type":"WebPage","@id":"https:\/\/joist.eu\/cms\/lager-versand\/","url":"https:\/\/joist.eu\/cms\/lager-versand\/","name":"Dep\u00f4t & Exp\u00e9dition - Joist GmbH","isPartOf":{"@id":"https:\/\/joist.eu\/cms\/#website"},"primaryImageOfPage":{"@id":"https:\/\/joist.eu\/cms\/lager-versand\/#primaryimage"},"image":{"@id":"https:\/\/joist.eu\/cms\/lager-versand\/#primaryimage"},"thumbnailUrl":"http:\/\/joist.eu\/cms\/wp-content\/uploads\/2016\/04\/joist_lager_041-150x150.jpg","datePublished":"2016-04-07T15:19:07+00:00","dateModified":"2016-05-17T12:27:28+00:00","breadcrumb":{"@id":"https:\/\/joist.eu\/cms\/lager-versand\/#breadcrumb"},"inLanguage":"de","potentialAction":[{"@type":"ReadAction","target":["https:\/\/joist.eu\/cms\/lager-versand\/"]}]},{"@type":"ImageObject","inLanguage":"de","@id":"https:\/\/joist.eu\/cms\/lager-versand\/#primaryimage","url":"http:\/\/joist.eu\/cms\/wp-content\/uploads\/2016\/04\/joist_lager_041-150x150.jpg","contentUrl":"http:\/\/joist.eu\/cms\/wp-content\/uploads\/2016\/04\/joist_lager_041-150x150.jpg"},{"@type":"BreadcrumbList","@id":"https:\/\/joist.eu\/cms\/lager-versand\/#breadcrumb","itemListElement":[{"@type":"ListItem","position":1,"name":"Home","item":"https:\/\/joist.eu\/cms\/"},{"@type":"ListItem","position":2,"name":"Dep\u00f4t &#038; Exp\u00e9dition"}]},{"@type":"WebSite","@id":"https:\/\/joist.eu\/cms\/#website","url":"https:\/\/joist.eu\/cms\/","name":"Joist GmbH","description":"","publisher":{"@id":"https:\/\/joist.eu\/cms\/#organization"},"potentialAction":[{"@type":"SearchAction","target":{"@type":"EntryPoint","urlTemplate":"https:\/\/joist.eu\/cms\/?s={search_term_string}"},"query-input":{"@type":"PropertyValueSpecification","valueRequired":true,"valueName":"search_term_string"}}],"inLanguage":"de"},{"@type":"Organization","@id":"https:\/\/joist.eu\/cms\/#organization","name":"Joist GmbH","url":"https:\/\/joist.eu\/cms\/","logo":{"@type":"ImageObject","inLanguage":"de","@id":"https:\/\/joist.eu\/cms\/#\/schema\/logo\/image\/","url":"https:\/\/joist.eu\/cms\/wp-content\/uploads\/2016\/03\/logo.png","contentUrl":"https:\/\/joist.eu\/cms\/wp-content\/uploads\/2016\/03\/logo.png","width":226,"height":76,"caption":"Joist GmbH"},"image":{"@id":"https:\/\/joist.eu\/cms\/#\/schema\/logo\/image\/"}}]}},"_links":{"self":[{"href":"https:\/\/joist.eu\/cms\/wp-json\/wp\/v2\/pages\/706","targetHints":{"allow":["GET"]}}],"collection":[{"href":"https:\/\/joist.eu\/cms\/wp-json\/wp\/v2\/pages"}],"about":[{"href":"https:\/\/joist.eu\/cms\/wp-json\/wp\/v2\/types\/page"}],"author":[{"embeddable":true,"href":"https:\/\/joist.eu\/cms\/wp-json\/wp\/v2\/users\/2"}],"replies":[{"embeddable":true,"href":"https:\/\/joist.eu\/cms\/wp-json\/wp\/v2\/comments?post=706"}],"version-history":[{"count":0,"href":"https:\/\/joist.eu\/cms\/wp-json\/wp\/v2\/pages\/706\/revisions"}],"wp:attachment":[{"href":"https:\/\/joist.eu\/cms\/wp-json\/wp\/v2\/media?parent=706"}],"curies":[{"name":"wp","href":"https:\/\/api.w.org\/{rel}","templated":true}]}}