{"id":608,"date":"2016-04-07T12:53:57","date_gmt":"2016-04-07T10:53:57","guid":{"rendered":"http:\/\/joist.eu\/cms\/?page_id=608&#038;lang=bfr"},"modified":"2020-05-26T14:48:59","modified_gmt":"2020-05-26T12:48:59","slug":"joist-service-auf-einen-blick","status":"publish","type":"page","link":"https:\/\/joist.eu\/cms\/joist-service-auf-einen-blick\/?lang=bfr","title":{"rendered":"Service JOIST"},"content":{"rendered":"<h2 class=\"green\">Toujours \u00e0 votre disposition!<img loading=\"lazy\" decoding=\"async\" class=\"alignleft size-medium wp-image-486\" src=\"http:\/\/joist.eu\/cms\/wp-content\/uploads\/2016\/04\/joist_lager_046-300x200.jpg\" alt=\"joist_lager_046\" width=\"300\" height=\"200\" srcset=\"https:\/\/joist.eu\/cms\/wp-content\/uploads\/2016\/04\/joist_lager_046-300x200.jpg 300w, https:\/\/joist.eu\/cms\/wp-content\/uploads\/2016\/04\/joist_lager_046-768x512.jpg 768w, https:\/\/joist.eu\/cms\/wp-content\/uploads\/2016\/04\/joist_lager_046-1024x682.jpg 1024w\" sizes=\"auto, (max-width: 300px) 100vw, 300px\" \/><\/h2>\n<p>Nous sommes joignables du lundi au vendredi de 08h00 \u00e0 17h30 non stop.<br \/>\nT\u00e9l\u00e9phone : +49 (0) 2251- 106 106<br \/>\nFax : +49 (0) 2251 106 &#8211; 120<br \/>\nEmail : info@joist.de<\/p>\n<p>&nbsp;<\/p>\n<h2 class=\"green\">Livraison Turbo<\/h2>\n<p>La marchandise command\u00e9e sera exp\u00e9di\u00e9e le jour m\u00eame sous les conditions suivantes:<\/p>\n<p style=\"padding-left: 30px;\">Livraison par DHL<\/p>\n<p style=\"padding-left: 30px;\">Commandes pass\u00e9es avant 17h30<\/p>\n<p style=\"padding-left: 30px;\">(Livraison en deux jours ouvrables)<\/p>\n<p>La marchandise lourde ou encombrante y est exclue et sera livr\u00e9e par une entreprise de Transport.<\/p>\n<h2 class=\"green\">1.800.000 pi\u00e8ces d\u00e9tach\u00e9es d\u2019origine et moteurs<\/h2>\n<p>Nous avons 1.800.000 r\u00e9f\u00e9rences de plus de 60 fabricants de marque dans notre assortiment et nous avons constamment environs 100.000 pi\u00e8ces d\u00e9tach\u00e9es et moteurs en stock.<\/p>\n<p><strong>Nous livrons<\/strong><\/p>\n<p style=\"padding-left: 30px;\">&#8211; contre facture<br \/>\n&#8211; par paiement \u00e0 l\u2019avance<\/p>\n<h2 class=\"green\">Une r\u00e9f\u00e9rence manquante?<\/h2>\n<p>Pas de probl\u00e8me! L\u2019\u00e9quipe accueillante et professionnelle JOIST vous aide volontairement.<\/p>\n","protected":false},"excerpt":{"rendered":"<p>Toujours \u00e0 votre disposition! Nous sommes joignables du lundi au vendredi de 08h00 \u00e0 17h30 non stop. T\u00e9l\u00e9phone : +49 (0) 2251- 106 106 Fax : +49 (0) 2251 106 &#8211; 120 Email : info@joist.de &nbsp; Livraison Turbo La marchandise command\u00e9e sera exp\u00e9di\u00e9e le jour m\u00eame sous les conditions suivantes: Livraison par DHL Commandes pass\u00e9es [&hellip;]<\/p>\n","protected":false},"author":2,"featured_media":0,"parent":0,"menu_order":0,"comment_status":"closed","ping_status":"closed","template":"","meta":{"_acf_changed":false,"footnotes":""},"class_list":["post-608","page","type-page","status-publish","hentry"],"acf":[],"yoast_head":"<!-- This site is optimized with the Yoast SEO plugin v24.0 - https:\/\/yoast.com\/wordpress\/plugins\/seo\/ -->\n<title>Service JOIST - Joist GmbH<\/title>\n<meta name=\"robots\" content=\"index, follow, max-snippet:-1, max-image-preview:large, max-video-preview:-1\" \/>\n<link rel=\"canonical\" href=\"https:\/\/joist.eu\/cms\/joist-service-auf-einen-blick\/\" \/>\n<meta property=\"og:locale\" content=\"de_DE\" \/>\n<meta property=\"og:type\" content=\"article\" \/>\n<meta property=\"og:title\" content=\"Service JOIST - Joist GmbH\" \/>\n<meta property=\"og:description\" content=\"Toujours \u00e0 votre disposition! Nous sommes joignables du lundi au vendredi de 08h00 \u00e0 17h30 non stop. T\u00e9l\u00e9phone : +49 (0) 2251- 106 106 Fax : +49 (0) 2251 106 &#8211; 120 Email : info@joist.de &nbsp; Livraison Turbo La marchandise command\u00e9e sera exp\u00e9di\u00e9e le jour m\u00eame sous les conditions suivantes: Livraison par DHL Commandes pass\u00e9es [&hellip;]\" \/>\n<meta property=\"og:url\" content=\"https:\/\/joist.eu\/cms\/joist-service-auf-einen-blick\/\" \/>\n<meta property=\"og:site_name\" content=\"Joist GmbH\" \/>\n<meta property=\"article:modified_time\" content=\"2020-05-26T12:48:59+00:00\" \/>\n<meta property=\"og:image\" content=\"https:\/\/joist.eu\/cms\/wp-content\/uploads\/2016\/04\/joist_lager_046.jpg\" \/>\n\t<meta property=\"og:image:width\" content=\"3370\" \/>\n\t<meta property=\"og:image:height\" content=\"2246\" \/>\n\t<meta property=\"og:image:type\" content=\"image\/jpeg\" \/>\n<meta name=\"twitter:card\" content=\"summary_large_image\" \/>\n<meta name=\"twitter:label1\" content=\"Gesch\u00e4tzte Lesezeit\" \/>\n\t<meta name=\"twitter:data1\" content=\"1\u00a0Minute\" \/>\n<script type=\"application\/ld+json\" class=\"yoast-schema-graph\">{\"@context\":\"https:\/\/schema.org\",\"@graph\":[{\"@type\":\"WebPage\",\"@id\":\"https:\/\/joist.eu\/cms\/joist-service-auf-einen-blick\/\",\"url\":\"https:\/\/joist.eu\/cms\/joist-service-auf-einen-blick\/\",\"name\":\"Service JOIST - Joist GmbH\",\"isPartOf\":{\"@id\":\"https:\/\/joist.eu\/cms\/#website\"},\"primaryImageOfPage\":{\"@id\":\"https:\/\/joist.eu\/cms\/joist-service-auf-einen-blick\/#primaryimage\"},\"image\":{\"@id\":\"https:\/\/joist.eu\/cms\/joist-service-auf-einen-blick\/#primaryimage\"},\"thumbnailUrl\":\"http:\/\/joist.eu\/cms\/wp-content\/uploads\/2016\/04\/joist_lager_046-300x200.jpg\",\"datePublished\":\"2016-04-07T10:53:57+00:00\",\"dateModified\":\"2020-05-26T12:48:59+00:00\",\"breadcrumb\":{\"@id\":\"https:\/\/joist.eu\/cms\/joist-service-auf-einen-blick\/#breadcrumb\"},\"inLanguage\":\"de\",\"potentialAction\":[{\"@type\":\"ReadAction\",\"target\":[\"https:\/\/joist.eu\/cms\/joist-service-auf-einen-blick\/\"]}]},{\"@type\":\"ImageObject\",\"inLanguage\":\"de\",\"@id\":\"https:\/\/joist.eu\/cms\/joist-service-auf-einen-blick\/#primaryimage\",\"url\":\"http:\/\/joist.eu\/cms\/wp-content\/uploads\/2016\/04\/joist_lager_046-300x200.jpg\",\"contentUrl\":\"http:\/\/joist.eu\/cms\/wp-content\/uploads\/2016\/04\/joist_lager_046-300x200.jpg\"},{\"@type\":\"BreadcrumbList\",\"@id\":\"https:\/\/joist.eu\/cms\/joist-service-auf-einen-blick\/#breadcrumb\",\"itemListElement\":[{\"@type\":\"ListItem\",\"position\":1,\"name\":\"Home\",\"item\":\"https:\/\/joist.eu\/cms\/\"},{\"@type\":\"ListItem\",\"position\":2,\"name\":\"Service JOIST\"}]},{\"@type\":\"WebSite\",\"@id\":\"https:\/\/joist.eu\/cms\/#website\",\"url\":\"https:\/\/joist.eu\/cms\/\",\"name\":\"Joist GmbH\",\"description\":\"\",\"publisher\":{\"@id\":\"https:\/\/joist.eu\/cms\/#organization\"},\"potentialAction\":[{\"@type\":\"SearchAction\",\"target\":{\"@type\":\"EntryPoint\",\"urlTemplate\":\"https:\/\/joist.eu\/cms\/?s={search_term_string}\"},\"query-input\":{\"@type\":\"PropertyValueSpecification\",\"valueRequired\":true,\"valueName\":\"search_term_string\"}}],\"inLanguage\":\"de\"},{\"@type\":\"Organization\",\"@id\":\"https:\/\/joist.eu\/cms\/#organization\",\"name\":\"Joist GmbH\",\"url\":\"https:\/\/joist.eu\/cms\/\",\"logo\":{\"@type\":\"ImageObject\",\"inLanguage\":\"de\",\"@id\":\"https:\/\/joist.eu\/cms\/#\/schema\/logo\/image\/\",\"url\":\"https:\/\/joist.eu\/cms\/wp-content\/uploads\/2016\/03\/logo.png\",\"contentUrl\":\"https:\/\/joist.eu\/cms\/wp-content\/uploads\/2016\/03\/logo.png\",\"width\":226,\"height\":76,\"caption\":\"Joist GmbH\"},\"image\":{\"@id\":\"https:\/\/joist.eu\/cms\/#\/schema\/logo\/image\/\"}}]}<\/script>\n<!-- \/ Yoast SEO plugin. -->","yoast_head_json":{"title":"Service JOIST - Joist GmbH","robots":{"index":"index","follow":"follow","max-snippet":"max-snippet:-1","max-image-preview":"max-image-preview:large","max-video-preview":"max-video-preview:-1"},"canonical":"https:\/\/joist.eu\/cms\/joist-service-auf-einen-blick\/","og_locale":"de_DE","og_type":"article","og_title":"Service JOIST - Joist GmbH","og_description":"Toujours \u00e0 votre disposition! Nous sommes joignables du lundi au vendredi de 08h00 \u00e0 17h30 non stop. T\u00e9l\u00e9phone : +49 (0) 2251- 106 106 Fax : +49 (0) 2251 106 &#8211; 120 Email : info@joist.de &nbsp; Livraison Turbo La marchandise command\u00e9e sera exp\u00e9di\u00e9e le jour m\u00eame sous les conditions suivantes: Livraison par DHL Commandes pass\u00e9es [&hellip;]","og_url":"https:\/\/joist.eu\/cms\/joist-service-auf-einen-blick\/","og_site_name":"Joist GmbH","article_modified_time":"2020-05-26T12:48:59+00:00","og_image":[{"width":3370,"height":2246,"url":"https:\/\/joist.eu\/cms\/wp-content\/uploads\/2016\/04\/joist_lager_046.jpg","type":"image\/jpeg"}],"twitter_card":"summary_large_image","twitter_misc":{"Gesch\u00e4tzte Lesezeit":"1\u00a0Minute"},"schema":{"@context":"https:\/\/schema.org","@graph":[{"@type":"WebPage","@id":"https:\/\/joist.eu\/cms\/joist-service-auf-einen-blick\/","url":"https:\/\/joist.eu\/cms\/joist-service-auf-einen-blick\/","name":"Service JOIST - Joist GmbH","isPartOf":{"@id":"https:\/\/joist.eu\/cms\/#website"},"primaryImageOfPage":{"@id":"https:\/\/joist.eu\/cms\/joist-service-auf-einen-blick\/#primaryimage"},"image":{"@id":"https:\/\/joist.eu\/cms\/joist-service-auf-einen-blick\/#primaryimage"},"thumbnailUrl":"http:\/\/joist.eu\/cms\/wp-content\/uploads\/2016\/04\/joist_lager_046-300x200.jpg","datePublished":"2016-04-07T10:53:57+00:00","dateModified":"2020-05-26T12:48:59+00:00","breadcrumb":{"@id":"https:\/\/joist.eu\/cms\/joist-service-auf-einen-blick\/#breadcrumb"},"inLanguage":"de","potentialAction":[{"@type":"ReadAction","target":["https:\/\/joist.eu\/cms\/joist-service-auf-einen-blick\/"]}]},{"@type":"ImageObject","inLanguage":"de","@id":"https:\/\/joist.eu\/cms\/joist-service-auf-einen-blick\/#primaryimage","url":"http:\/\/joist.eu\/cms\/wp-content\/uploads\/2016\/04\/joist_lager_046-300x200.jpg","contentUrl":"http:\/\/joist.eu\/cms\/wp-content\/uploads\/2016\/04\/joist_lager_046-300x200.jpg"},{"@type":"BreadcrumbList","@id":"https:\/\/joist.eu\/cms\/joist-service-auf-einen-blick\/#breadcrumb","itemListElement":[{"@type":"ListItem","position":1,"name":"Home","item":"https:\/\/joist.eu\/cms\/"},{"@type":"ListItem","position":2,"name":"Service JOIST"}]},{"@type":"WebSite","@id":"https:\/\/joist.eu\/cms\/#website","url":"https:\/\/joist.eu\/cms\/","name":"Joist GmbH","description":"","publisher":{"@id":"https:\/\/joist.eu\/cms\/#organization"},"potentialAction":[{"@type":"SearchAction","target":{"@type":"EntryPoint","urlTemplate":"https:\/\/joist.eu\/cms\/?s={search_term_string}"},"query-input":{"@type":"PropertyValueSpecification","valueRequired":true,"valueName":"search_term_string"}}],"inLanguage":"de"},{"@type":"Organization","@id":"https:\/\/joist.eu\/cms\/#organization","name":"Joist GmbH","url":"https:\/\/joist.eu\/cms\/","logo":{"@type":"ImageObject","inLanguage":"de","@id":"https:\/\/joist.eu\/cms\/#\/schema\/logo\/image\/","url":"https:\/\/joist.eu\/cms\/wp-content\/uploads\/2016\/03\/logo.png","contentUrl":"https:\/\/joist.eu\/cms\/wp-content\/uploads\/2016\/03\/logo.png","width":226,"height":76,"caption":"Joist GmbH"},"image":{"@id":"https:\/\/joist.eu\/cms\/#\/schema\/logo\/image\/"}}]}},"_links":{"self":[{"href":"https:\/\/joist.eu\/cms\/wp-json\/wp\/v2\/pages\/608","targetHints":{"allow":["GET"]}}],"collection":[{"href":"https:\/\/joist.eu\/cms\/wp-json\/wp\/v2\/pages"}],"about":[{"href":"https:\/\/joist.eu\/cms\/wp-json\/wp\/v2\/types\/page"}],"author":[{"embeddable":true,"href":"https:\/\/joist.eu\/cms\/wp-json\/wp\/v2\/users\/2"}],"replies":[{"embeddable":true,"href":"https:\/\/joist.eu\/cms\/wp-json\/wp\/v2\/comments?post=608"}],"version-history":[{"count":0,"href":"https:\/\/joist.eu\/cms\/wp-json\/wp\/v2\/pages\/608\/revisions"}],"wp:attachment":[{"href":"https:\/\/joist.eu\/cms\/wp-json\/wp\/v2\/media?parent=608"}],"curies":[{"name":"wp","href":"https:\/\/api.w.org\/{rel}","templated":true}]}}